lculate the remainder when 64 is divided by 198/12*8/6.
20
Suppose 2*y - 15 = y. Suppose 3 = 2*g - 5*t, 3*g = 4*t - t + 18. Calculate the remainder when y is divided by g.
6
Suppose 3*b + 0 = 9. Let n = 91 - 84. Calculate the remainder when n is divided by b.
1
Let g = 4 - 4. Suppose -4*j + 26 + 34 = g. What is the remainder when j is divided by 6?
3
Suppose -3*f = t - 46, 5*f - 76 = -0*f - t. Calculate the remainder when f is divided by ((-78)/(-65))/((-6)/(-40) - 0).
7
Let c be (11 + -1)/((-1)/1). Calculate the remainder when (c/(-1 + 3))/(-1) is divided by 2.
1
Suppose -203 = -7*r + 21. Calculate the remainder when r is divided by 11.
10
Let k = -32 - -59. Calculate the remainder when k is divided by 14.
13
Let t(n) = -n**2 + 6*n + 5. Let k(v) = -v**2 - 3*v - 1. Let b be k(-6). Let l = 32 + b. What is the remainder when l is divided by t(6)?
3
Suppose l = 5 + 3. Calculate the remainder when l is divided by 4.
0
Let o(u) = -40*u**3 + 2*u**2 - u - 2. Calculate the remainder when o(-1) is divided by 11.
8
Suppose 11 + 234 = 5*n. Calculate the remainder when n is divided by 26.
23
Let a = -6 + 12. Let j(n) = -n**3 + 7*n**2 - 6*n + 8. Calculate the remainder when j(a) is divided by 3.
2
Let u(l) = -3*l**3 + 2*l**2 + 2*l + 1. Calculate the remainder when u(-2) is divided by 16.
13
Let r = 63 + -53. What is the remainder when 17 is divided by r?
7
Let l(f) = f**3 + 2*f**2 - 4*f + 2. What is the remainder when (-2)/(-4)*((-3136)/(-8))/7 is divided by l(2)?
8
Suppose -256 = -8*v + 4*v. Let o(s) = 3*s + 1. Let m be o(1). Suppose f + v = 2*q - f, -m*f = -8. What is the remainder when q is divided by 18?
16
Suppose 0 = -4*o - 0*o - 96. Let f(a) = a**2 - a - 3. Calculate the remainder when (24/18)/((-2)/o) is divided by f(-3).
7
Let u be (-1 - -1)/(-2) + 11. Suppose -2*k + 7*k - 10 = 0. Suppose k*f = u + 45. Calculate the remainder when f is divided by 15.
13
Let t(k) = -k**3 + 2*k**2 + k + 24. What is the remainder when 69 is divided by t(0)?
21
Suppose -5*j = c - 68, -5*c + 2*j + 250 = -c. What is the remainder when c is divided by 16?
15
Let d = -38 + 16. Let y = d - -38. Calculate the remainder when 46 is divided by y.
14
What is the remainder when -1 + (-7)/(14/(-222)) is divided by 14?
12
Let i = -280 - -154. What is the remainder when 60 is divided by (6/9)/((-4)/i)?
18
Let t = 12 - -15. Calculate the remainder when t is divided by 7.
6
Suppose 28 = 4*b - 4*y, 2*y + 3 = -b + 1. Suppose t = 5*t + d - 65, -85 = -b*t - 5*d. Calculate the remainder when 6/t - (-236)/10 is divided by 13.
11
Let f be (0/(-3) + 0)/1. Suppose 3*g + 3*z - 177 = f, -2*z + 0*z - 47 = -g. Calculate the remainder when g is divided by 14.
13
Suppose 5*m - 4*t = 47, 0 = 3*m - 5*t - 39 + 3. Calculate the remainder when 27 is divided by m.
6
Let c = -3 - -2. Let i(t) = 17*t**2 + 2*t + 1. Calculate the remainder when i(c) is divided by 6.
4
Let m = 12 + -6. Suppose -3*k - 12 = -k. Let c = k - -16. Calculate the remainder when c is divided by m.
4
Let s be 8 - (3 + -5) - 0. Let q(m) = 5*m - 11. Calculate the remainder when q(s) is divided by (0 + 10)/(3/6).
19
Let f be (-455)/(-14)*12/10. Let c be (2 + -4)*(-6)/4. Suppose 5*o = c*o - t + 20, -3*t - f = -5*o. Calculate the remainder when 16 is divided by o.
7
Let s = 13 + 4. What is the remainder when s is divided by 10?
7
Suppose -6*m + 3*m = q + 4, 0 = -5*q - m + 50. What is the remainder when 1/(-2)*(-73 + -9) is divided by q?
8
Let j(b) = 3*b + 33. Calculate the remainder when 27 is divided by j(-9).
3
Suppose 5*c + 14 = -6. Let h be (-30)/((-1)/3*-2). What is the remainder when (-2988)/h - c/(-10) is divided by 17?
15
What is the remainder when 21 is divided by 12*(-1)/6*-4?
5
Suppose 3*k + y - 16 = 1, 3*k - y - 7 = 0. Suppose 3*t - 39 - 39 = 0. What is the remainder when t is divided by 1 - (-4)/k*13?
12
Suppose 0*x = -3*x + 330. Calculate the remainder when x is divided by 32/(-6)*(-2 + (-91)/28).
26
What is the remainder when 14 is divided by -4 + 11 + 1 - (1 - -1)?
2
Let b = -90 - 24. Let a = -69 - b. What is the remainder when a is divided by 23?
22
Suppose -4*o - 2 = -2*u + 8, 2*o = -8. Let a(p) = -3*p**2 + 72*p - 43. Calculate the remainder when a(23) is divided by (u*2)/(2/(-3)).
8
Let t(w) = 2*w**3 - 4*w**2 + w + 2. Let x be t(2). Suppose 112 = x*y - 12. What is the remainder when 121 is divided by y?
28
Let z = 14 - -3. Let p(c) = c + 10. Let j be p(0). Let k = -4 + j. What is the remainder when z is divided by k?
5
Suppose -o + 34 = -0*o. Suppose a + o = 2*a. Suppose -3*q - 33 = -s, q = -5*s - 2*q + 75. Calculate the remainder when a is divided by s.
16
Suppose -3*o + 119 = 5*s - s, -2*s + 2*o + 70 = 0. What is the remainder when s is divided by 16 - -3 - 2*1?
15
Let y(p) = 3*p - 2 + 3*p**2 - 2*p - 2*p**2. Let t(h) = -h**3 + 5*h**2 - 4*h. What is the remainder when y(3) is divided by t(3)?
4
Calculate the remainder when 49 is divided by 13 - (-2 + -1 + -1).
15
Let x = -25 + 40. Suppose -4*u = 5*o - u - 141, 2*o - 62 = -4*u. What is the remainder when o is divided by x?
12
Let w(f) = f**3 - 3*f**2 - f - 2. Let k be (5 - -1) + -1 + -1. Calculate the remainder when 27 is divided by w(k).
7
Suppose 3*w = -2*p + 10 + 51, 0 = -w - 5*p + 42. Calculate the remainder when w is divided by (12 - 17) + 14/1.
8
Suppose -v + 10 = -0*v. Calculate the remainder when 17 is divided by v.
7
Let p(c) = -c**2 - 12*c - 9. What is the remainder when p(-11) is divided by 2?
0
Let m = -68 - -47. Let n be (-14)/(-1)*3/6. Calculate the remainder when 22 is divided by 2/n - 246/m.
10
Let y = 23 - 22. Let f be -3*2/8*-4. Calculate the remainder when y is divided by (-1 + (-4)/(-3))*f.
0
Let k = 77 - -9. Let c = k - 55. What is the remainder when c is divided by 8?
7
Suppose -5*i = -4*f + 3 - 7, -2*f + 16 = 2*i. Let g = 9 - f. Calculate the remainder when 17 is divided by g.
2
Suppose -5*s + 19 = 3*a, -3*s = -6*s + 2*a + 19. Suppose -6*b + 75 = -s*b. Calculate the remainder when b is divided by 19.
18
Let y(w) = w**2 + 2*w - 3. Let x = -1 - -4. Let b be y(x). Calculate the remainder when 25 is divided by (-2)/b + 158/12.
12
Suppose -2*g + 5*n + 377 = -0*g, 2*g - 2*n - 368 = 0. Calculate the remainder when g is divided by 61.
59
Suppose 5*g - 4*g - 49 = 0. Let t = g - 16. Calculate the remainder when t is divided by 17.
16
Let m(p) = 3*p**2 - p - 1. Suppose 31 = -5*h - 129. What is the remainder when m(-3) is divided by 8/(-12) + h/(-3)?
9
Let c = 7 - -6. Let l(a) be the third derivative of a**5/60 - a**4/24 - 19*a**3/6 - a**2. What is the remainder when l(8) is divided by c?
11
Suppose -1 - 9 = -5*o. Suppose -2*m = d - 9, 2*d - 25 = m + o*m. What is the remainder when 30 is divided by d?
8
Let r = 65 + -44. Suppose -5*v + 15 = -2*v. Let t(b) = -b**3 + 4*b**2 + 8*b - 4. Calculate the remainder when r is divided by t(v).
10
Let a(w) = w**3 - w**2 + w + 2. Let g be a(0). Suppose g*x + 13 = 5*h, -x + 6*x = 4*h + 10. What is the remainder when 9 is divided by x?
3
Let w be -2 + 4*2/4. Let j(d) = d**3 + d**2 + 4. Let h be j(w). Suppose -4*c = h*t - 9*t + 68, -2*c - 40 = -3*t. What is the remainder when t is divided by 7?
5
Let g(a) = a**3 - 5*a**2 + a + 4. Calculate the remainder when 16 is divided by g(5).
7
Suppose 2*o - 36 + 18 = 0. What is the remainder when 80 is divided by o?
8
Let k(x) = -x**3 + x**2 - x + 23. Let y = -3 - -3. Calculate the remainder when 68 is divided by k(y).
22
Let s(c) = -15*c**3 + c**2 - 1. Let m be s(-1). Suppose -4*h = -5*h + m. Calculate the remainder when 43 is divided by h.
13
Suppose 5*i - 3*g = 2*g + 35, -21 = -3*i - 4*g. Calculate the remainder when i is divided by 6.
1
Let s = 338 - 235. What is the remainder when s is divided by 35?
33
Suppose -3*r - 17 = 2*i - 70, 3 = -r. What is the remainder when 89 is divided by i?
27
Let a(d) = -2*d - 6. Let c be a(-4). Suppose c*f = f + 16. What is the remainder when f is divided by 9?
7
Let i(w) = -22*w + 2. Let d be i(-1). Suppose k = a - d, a + k + k = 12. What is the remainder when 39 is divided by a?
19
Suppose -y = -6*y - 3*n + 35, 3*n - 7 = 2*y. Suppose -3*o + 35 = 2. Calculate the remainder when o is divided by y.
3
Suppose -5*d + 34 = 4*j - 3*d, -4*j + 39 = -3*d. Suppose -4*x - 7 = 21. Let h(y) = -5*y - 10. Calculate the remainder when h(x) is divided by j.
7
L